887
What are the prime factors of 3469?
3469
What are the prime factors of 5030?
2, 5, 503
List the prime factors of 7261.
53, 137
List the prime factors of 1496.
2, 11, 17
List the prime factors of 11550.
2, 3, 5, 7, 11
What are the prime factors of 36605?
5, 7321
List the prime factors of 4648.
2, 7, 83
List the prime factors of 92150.
2, 5, 19, 97
What are the prime factors of 16375?
5, 131
What are the prime factors of 74195?
5, 11, 19, 71
List the prime factors of 85.
5, 17
What are the prime factors of 1775?
5, 71
What are the prime factors of 26457?
3, 8819
What are the prime factors of 565?
5, 113
List the prime factors of 2438.
2, 23, 53
List the prime factors of 7627.
29, 263
List the prime factors of 4007.
4007
What are the prime factors of 590?
2, 5, 59
List the prime factors of 4888.
2, 13, 47
What are the prime factors of 3644?
2, 911
What are the prime factors of 32592?
2, 3, 7, 97
List the prime factors of 4911.
3, 1637
What are the prime factors of 10283?
7, 13, 113
List the prime factors of 1639.
11, 149
List the prime factors of 93225.
3, 5, 11, 113
What are the prime factors of 596?
2, 149
List the prime factors of 17907.
3, 47, 127
What are the prime factors of 750?
2, 3, 5
List the prime factors of 3228.
2, 3, 269
List the prime factors of 25744.
2, 1609
List the prime factors of 3619.
7, 11, 47
What are the prime factors of 2188?
2, 547
What are the prime factors of 3789?
3, 421
What are the prime factors of 11301?
3, 3767
List the prime factors of 50067.
3, 5563
What are the prime factors of 30906?
2, 3, 17, 101
List the prime factors of 17.
17
What are the prime factors of 1041?
3, 347
List the prime factors of 2088.
2, 3, 29
List the prime factors of 24063.
3, 13, 617
List the prime factors of 5382.
2, 3, 13, 23
List the prime factors of 4222.
2, 2111
What are the prime factors of 20717?
20717
List the prime factors of 16524.
2, 3, 17
List the prime factors of 1382.
2, 691
What are the prime factors of 210?
2, 3, 5, 7
What are the prime factors of 13446?
2, 3, 83
List the prime factors of 7932.
2, 3, 661
List the prime factors of 1126.
2, 563
What are the prime factors of 18386?
2, 29, 317
List the prime factors of 3200.
2, 5
What are the prime factors of 3519?
3, 17, 23
What are the prime factors of 249?
3, 83
What are the prime factors of 33575?
5, 17, 79
What are the prime factors of 5203?
11, 43
List the prime factors of 1164.
2, 3, 97
What are the prime factors of 76909?
7, 10987
List the prime factors of 152099.
17, 23, 389
List the prime factors of 6009.
3, 2003
List the prime factors of 2596.
2, 11, 59
List the prime factors of 19787.
47, 421
What are the prime factors of 1871?
1871
What are the prime factors of 1884?
2, 3, 157
What are the prime factors of 1380?
2, 3, 5, 23
What are the prime factors of 29854?
2, 11, 23, 59
List the prime factors of 62.
2, 31
List the prime factors of 46338.
2, 3, 7723
What are the prime factors of 16231?
16231
What are the prime factors of 1109?
1109
What are the prime factors of 50621?
223, 227
List the prime factors of 5487.
3, 31, 59
What are the prime factors of 1677?
3, 13, 43
What are the prime factors of 127523?
11, 11593
List the prime factors of 26287.
97, 271
What are the prime factors of 104701?
104701
What are the prime factors of 15269?
15269
What are the prime factors of 11843?
13, 911
List the prime factors of 647.
647
What are the prime factors of 633?
3, 211
List the prime factors of 1362.
2, 3, 227
What are the prime factors of 122?
2, 61
List the prime factors of 17205.
3, 5, 31, 37
What are the prime factors of 162430?
2, 5, 37, 439
List the prime factors of 1406.
2, 19, 37
What are the prime factors of 4598?
2, 11, 19
List the prime factors of 1507.
11, 137
What are the prime factors of 2391?
3, 797
What are the prime factors of 3264?
2, 3, 17
What are the prime factors of 49833?
3, 7, 113
What are the prime factors of 638?
2, 11, 29
List the prime factors of 9814.
2, 7, 701
What are the prime factors of 2061?
3, 229
What are the prime factors of 4495?
5, 29, 31
List the prime factors of 17348.
2, 4337
What are the prime factors of 4953?
3, 13, 127
List the prime factors of 946.
2, 11, 43
List the prime factors of 537.
3, 179
List the prime factors of 2068.
2, 11, 47
What are the prime factors of 47?
47
What are the prime factors of 21181?
59, 359
List the prime factors of 45537.
3, 43, 353
What are the prime factors of 143562?
2, 3, 71, 337
List the prime factors of 669.
3, 223
What are the prime factors of 1451?
1451
What are the prime factors of 3049?
3049
List the prime factors of 4666.
2, 2333
What are the prime factors of 3403?
41, 83
List the prime factors of 3668.
2, 7, 131
List the prime factors of 6406.
2, 3203
What are the prime factors of 16035?
3, 5, 1069
What are the prime factors of 36944?
2, 2309
What are the prime factors of 549?
3, 61
What are the prime factors of 1918?
2, 7, 137
List the prime factors of 19142.
2, 17, 563
List the prime factors of 30057.
3, 43, 233
What are the prime factors of 17332?
2, 7, 619
What are the prime factors of 136?
2, 17
List the prime factors of 4351.
19, 229
What are the prime factors of 1845?
3, 5, 41
What are the prime factors of 1077?
3, 359
What are the prime factors of 788?
2, 197
What are the prime factors of 5908?
2, 7, 211
What are the prime factors of 3359?
3359
List the prime factors of 3153.
3, 1051
List the prime factors of 2005.
5, 401
What are the prime factors of 28212?
2, 3, 2351
What are the prime factors of 49585?
5, 47, 211
What are the prime factors of 259?
7, 37
List the prime factors of 922.
2, 461
List the prime factors of 557.
557
What are the prime factors of 37763?
11, 3433
List the prime factors of 3917.
3917
List the prime factors of 902.
2, 11, 41
What are the prime factors of 17257?
17257
List the prime factors of 3391.
3391
List the prime factors of 9732.
2, 3, 811
List the prime factors of 529.
23
List the prime factors of 136871.
7, 19553
What are the prime factors of 2873?
13, 17
List the prime factors of 5689.
5689
List the prime factors of 137954.
2, 23, 2999
What are the prime factors of 45357?
3, 13, 1163
List the prime factors of 23.
23
List the prime factors of 983.
983
What are the prime factors of 10071?
3, 373
What are the prime factors of 33108?
2, 3, 31, 89
What are the prime factors of 2591?
2591
What are the prime factors of 151?
151
What are the prime factors of 6240?
2, 3, 5, 13
What are the prime factors of 5834?
2, 2917
List the prime factors of 269.
269
What are the prime factors of 1658?
2, 829
What are the prime factors of 600?
2, 3, 5
List the prime factors of 206.
2, 103
List the prime factors of 1117.
1117
What are the prime factors of 1588?
2, 397
What are the prime factors of 86740?
2, 5, 4337
What are the prime factors of 88810?
2, 5, 83, 107
List the prime factors of 369.
3, 41
What are the prime factors of 1566?
2, 3, 29
List the prime factors of 739.
739
What are the prime factors of 13371?
3, 4457
What are the prime factors of 130423?
130423
List the prime factors of 22237.
37, 601
What are the prime factors of 5053?
31, 163
What are the prime factors of 2210?
2, 5, 13, 17
What are the prime factors of 60288?
2, 3, 157
List the prime factors of 67633.
47, 1439
What are the prime factors of 367?
367
List the prime factors of 1470.
2, 3, 5, 7
List the prime factors of 1331.
11
What are the prime factors of 4302?
2, 3, 239
List the prime factors of 10773.
3, 7, 19
List the prime factors of 35280.
2, 3, 5, 7
List the prime factors of 1547.
7, 13, 17
List the prime factors of 2877.
3, 7, 137
What are the prime factors of 1336?
2, 167
List the prime factors of 2577.
3, 859
What are the prime factors of 509?
509
List the prime factors of 54738.
2, 3, 3041
What are the prime factors of 2736?
2, 3, 19
What are the prime factors of 4497?
3, 1499
List the prime factors of 472.
2, 59
What are the prime factors of 2827?
11, 257
What are the prime factors of 1777?
1777
What are the prime factors of 307?
307
What are the prime factors of 2374?
2, 1187
What are the prime factors of 1254?
2, 3, 11, 19
List the prime factors of 4815.
3, 5, 107
List the prime factors of 53941.
17, 19, 167
What are the prime factors of 95705?
5, 19141
What are the prime f